t of v?
1
Let r(i) = -18*i - 10. Let d be r(-2). Let n = 223 - d. What is the tens digit of n?
9
Suppose 84 = 4*m - 0*m. Let b = 18 - m. What is the tens digit of (-153)/6*(-5 - b)?
5
Let k be 8/(-20)*5 - -59. Suppose -2*v - k = -5*q - v, -2*v - 4 = 0. What is the units digit of q?
1
Suppose -19*r - 3*r = -286. Suppose -r*h + 2416 = -1926. What is the units digit of h?
4
Suppose 2*o = o + 3. Suppose 7*s = 2*s + 5*t + 15, -o*s + 11 = -t. Suppose l - s*l = -2*w + 38, -5*l = w - 32. What is the units digit of w?
2
Let y = 173 - -1851. What is the units digit of y?
4
Suppose -6*y + 53259 = -2*y - 6577. What is the hundreds digit of y?
9
Let r = -429 - -432. Suppose 5*i = -r*g + 2659, 0 = -4*i + 5*i + 3*g - 539. What is the hundreds digit of i?
5
Let h(k) = 1840*k - 1147. What is the thousands digit of h(2)?
2
Let m = -77 - -83. Suppose 4*o - 4*c = -2 - m, 3*o - 29 = -4*c. Suppose 3*j = -o*q + 600, 4*j + 0*q = -3*q + 804. What is the hundreds digit of j?
2
What is the thousands digit of 20052 + 5 + 12 + -3 + -14?
0
Let k(f) = 1030*f**3 - 5*f**2 + 8*f + 4. What is the units digit of k(3)?
3
Let c(b) = -b**2 - 46*b - 606. Let v be c(-12). Let f(g) = -g**2 + g + 5. Let p be f(-4). What is the units digit of (2 - p/(-6))*v?
9
What is the tens digit of (4/(-10)*9530/(-16))/((-135)/(-540))?
5
Suppose 2*n - 3*w - 28501 = 0, -6803 - 35996 = -3*n - 5*w. What is the hundreds digit of n?
2
Suppose -20*b = 11*b + 52*b - 1050033. What is the tens digit of b?
5
Let q = 267 - 187. Suppose 2*f + 0*f = q. Let r = 120 - f. What is the tens digit of r?
8
Let k(u) = 16*u + 43. Let c be k(-11). Suppose 909 + 66 = 5*y. Let i = y + c. What is the tens digit of i?
6
Let o(q) = 2*q**2 + 3*q + 5. Suppose 10 = -2*d, -h = 2*d - 5*d - 20. Let b be o(h). Let t = -38 + b. What is the units digit of t?
2
Let k(o) = 4214*o**2 + 4*o - 6. What is the tens digit of k(3)?
3
Suppose -80*v = -3*b - 81*v + 125433, 0 = 4*b + 3*v - 167239. What is the units digit of b?
2
Let j(s) = 263*s**3 + 5*s**2 + 2*s + 3. What is the tens digit of j(2)?
3
Suppose -9*z - 45 = -4*z. Let q be (-72)/16*6/z. Suppose -q*v - i + 522 = 0, 0 = -2*v - 3*i + 2*i + 348. What is the tens digit of v?
7
Suppose 3*w + 2*b + 972 = 0, 8*w - 4*b + 1598 = 3*w. Suppose 28*t = 38*t + 4600. Let c = w - t. What is the hundreds digit of c?
1
Let d(r) = 14*r**2 - 15*r + 28. Suppose 0 = -10*a + 9*a + 8. What is the hundreds digit of d(a)?
8
Let t(w) = w - 22. Let p be t(25). Suppose n + 5*i - 10 = -1, -4*n - p*i + 36 = 0. Suppose n*q = 11*q - 212. What is the tens digit of q?
0
Let m be (-4)/(-7) + -2871*(-16)/168. Let x = 349 - m. What is the units digit of x?
5
Suppose 3*h - 442 + 433 = 0, 0 = -5*r + 2*h + 184739. What is the hundreds digit of r?
9
Let c be (-3)/(9/3) + 94 + 0. Let d = c - 50. Suppose 2*a - n + 277 = 6*a, a = 5*n + d. What is the tens digit of a?
6
Suppose -62*z = -60*z - 1532. What is the hundreds digit of z?
7
Let j(u) = -u**3 - 14*u**2 - u + 19. Suppose 2*h = -5*q + 15, -2*q + 0*h + h = -6. Suppose 2*b + q*k = 3*b + 5, 5*k = 4*b + 41. What is the units digit of j(b)?
3
What is the thousands digit of 1257/6*-6*7/(42/(-52))?
0
Suppose -279*z - 248*z + 16327171 = -6785468. What is the units digit of z?
7
What is the units digit of (-55)/(-11) + 517336/(0 - -8)?
2
Let p be (-14871)/3 + (1 + -3)/(-2). What is the hundreds digit of 6/(9*(-7)/p)?
4
Let p = 21 + -31. Let f = p + 16. Suppose -q - 545 = -f*q. What is the tens digit of q?
0
Suppose -2753 = -2*z - 71*p + 66*p, -3*p = 2*z - 2743. What is the units digit of z?
4
Let m(h) = -h**3 + 72*h**2 - 463*h - 3. What is the tens digit of m(55)?
5
Suppose -74*c - 169*c + 31244094 = 346*c. What is the hundreds digit of c?
0
Suppose -32 = -5*r + p + 65, 0 = r + 4*p - 32. Suppose r*a - 8561 + 401 = 0. What is the hundreds digit of a?
4
What is the tens digit of (-45)/(-10)*33880/18?
7
Suppose -27*b + 79*b - 11718 = 2164898. What is the tens digit of b?
5
Let k = 26070 - 9857. What is the thousands digit of k?
6
Suppose -16 + 16 = -6*l. Suppose 34*i - i - 21582 = l. What is the tens digit of i?
5
Let l = -6 + -13. Let n(q) = q**2 + 5*q - 22. Let s be n(l). Suppose 2*f - s = -4*m - 2*f, 5*m - 5*f = 355. What is the tens digit of m?
6
Let g be (-12 + 10)/(1 - -1). What is the tens digit of g/5 + (-59869)/(-95)?
3
Suppose 12222 = 2*r - 5*y, 3*y = 9*r - 5*r - 24472. Suppose 7*s - r = -1788. What is the tens digit of s?
1
Let p(h) = h**3 + 10*h**2 + h + 31. Let q be p(-9). Let s = q + 41. What is the hundreds digit of s?
1
Let b(g) be the third derivative of -19*g**6/40 - g**5/12 - g**4/12 - g**3/2 - 85*g**2. What is the hundreds digit of b(-2)?
4
Let d = 16830 + -9499. What is the thousands digit of d?
7
Let f(o) = o**2 - o + 1. Let d(z) be the second derivative of -z**4/3 + 5*z**3/3 - 3*z**2/2 + 36*z. Let l(i) = -d(i) + f(i). What is the units digit of l(8)?
6
Let x = -150 + 154. What is the units digit of (-42501)/(-62) + 2/x?
6
Let d(v) = 109*v**2 + 304*v - 2130. What is the tens digit of d(7)?
3
Suppose 0*t = p - 5*t - 21, -2*p + 24 = -t. Suppose -1030 = p*i - 315. Let y = 112 + i. What is the units digit of y?
7
Suppose 3*h - 3*x = -0*h + 8226, 4*h = -2*x + 10968. What is the units digit of h?
2
Let j = 43 - 36. Let b(r) = -1 - 3 + j - 3*r + 5. What is the units digit of b(0)?
8
Suppose -5*n - 184 = -219. Let z(j) = 19*j**2 - 22*j + 175. What is the units digit of z(n)?
2
Let j be 22 + ((-936)/6)/(-13). Let c be 1/(1/641) - 1. Suppose j - c = -3*u. What is the tens digit of u?
0
Let c = 139681 - 79038. What is the hundreds digit of c?
6
What is the units digit of 230982/4 - ((-348)/(-168) - 12/21)?
4
Let i(u) = u**3 + 11*u**2 + 7*u + 7. Let l be i(-10). Suppose -m + l = 4*s, -2*m = 4*s - 16 - 18. Suppose 0 = -s*o + 1505 + 595. What is the tens digit of o?
1
Let l(f) be the first derivative of -f**4/4 + 3*f**3 - 6*f**2 + 73*f + 184. What is the units digit of l(7)?
7
Let g(v) = 110*v**2 - 466*v + 29. What is the tens digit of g(26)?
7
Let j be (-1400)/(-210)*558/4. Let s = -219 + j. What is the hundreds digit of s?
7
Suppose 0 = s + 22*s - 12*s - 159665. What is the tens digit of s?
1
Suppose 36 = -4*s + 3*s. Suppose 3*k - 20 = -k, 0 = 2*f + 2*k - 302. Let b = f + s. What is the units digit of b?
0
Let f(p) = -1026*p + 9260. What is the hundreds digit of f(0)?
2
Let r(n) = -n**3 - 10*n**2 + 38*n - 10. Let x be r(-13). Suppose 5525 = 14*j + x*j. What is the units digit of j?
5
Suppose -2*f - 66 = -4*b, 0 = -4*f - f - b - 110. Let k(d) = -2*d**2 - 46*d + 10. What is the tens digit of k(f)?
1
Let c = -11459 + 25326. What is the ten thousands digit of c?
1
Suppose 19*n - 5616 = 4587. Suppose -n = -2*i + 705. What is the units digit of i?
1
Let y(b) = -16*b**2 + 53*b**2 + 8 + b**3 - 20*b - 4*b**2 - 17*b**2. Let j be y(-17). Suppose -2*z - j = -497. What is the tens digit of z?
1
Suppose -17*p = 50*p - 1671516. What is the units digit of p?
8
Let n(t) = 212*t**2 + 566*t. What is the ten thousands digit of n(6)?
1
Let p(n) = 2*n**2 - 10*n - 6. Let d be p(6). Let k(o) = -o**3 - 4*o + 5*o - 5*o + 3*o**2 + 2 + 5*o**2. What is the tens digit of k(d)?
5
Suppose 24959 = -3*x + 7*x + w, -4*w = 20. What is the thousands digit of x?
6
Let j = -41 + 50. What is the tens digit of (-3)/(-27) + 1853/j?
0
Let s be 52/6*((-153)/34 + 6). Let n(b) be the first derivative of b**3/3 - b**2 - 34*b + 4. What is the tens digit of n(s)?
0
Let t(c) be the first derivative of 20 + 0*c - 105/2*c**2. What is the units digit of t(-2)?
0
Let t(k) = 1299*k + 951. What is the units digit of t(0)?
1
Suppose -3*h = 2*h - 195. Suppose -2*t - 14 = 2*a - 58, t - 49 = -2*a. Let o = h - a. What is the units digit of o?
2
Suppose 5*n - 2*s = 1 + 9, 2*n - 33 = -5*s. Suppose 225 = n*m - 1327. What is the tens digit of m?
8
Let q(m) = m**3 - 3*m**2 + 5*m + 3. Let o be q(4). Let d = o - -5. Let r = -27 + d. What is the units digit of r?
7
Suppose -j + 45 = -10*j. Let g be (-1)/j + (1 - 2418/15). Let s = 258 + g. What is the tens digit of s?
9
Let t = 1433 + -904. Suppose -10*m - 89 = -t. What is the tens digit of m?
4
Let r = 4136 - 2520. What is the tens digit of (r/12 - -2)/((-4)/(-6))?
0
Let x(u) = 18*u**3 - 22*u**2 + 25*u - 246. What is the hundreds digit of x(8)?
7
What is the ten thousands digit of ((-62050